{"id":48,"date":"2021-09-11T11:19:58","date_gmt":"2021-09-11T11:19:58","guid":{"rendered":"https:\/\/pueblodelarues.es\/?page_id=48"},"modified":"2024-06-24T17:37:30","modified_gmt":"2024-06-24T17:37:30","slug":"historia","status":"publish","type":"page","link":"https:\/\/pueblodelarues.es\/index.php\/conoce-larues\/historia\/","title":{"rendered":"Historia"},"content":{"rendered":"\n<p>D. Manuel Benito Moliner, en su escrito sobre el origen de los nombres de los pueblos del Alto Arag\u00f3n, dice que LARU\u00c9S proviene del lat\u00edn, LARO&nbsp; o LAURO.&nbsp;&nbsp;&nbsp;<\/p>\n\n\n\n<p>\u200bD. Santiago Broto Aparicio, (Diario del Alto Arag\u00f3n) afirma que el nombre de LARU\u00c9S antiguamente y con el transcurso de los a\u00f1os hab\u00eda sufrido diversas variaciones llam\u00e1ndose, Larosse, Laruasse y Larruosa.&nbsp;<\/p>\n\n\n\n<p>Gartzen Lacasta Esta\u00fan, en su cuaderno \u201cEl EusKera en el Alto Arag\u00f3n\u201d comenta que el top\u00f3nimo<em> LARRU\u00c9S\/LARU\u00c9S est\u00e1 f\u00e1cilmente relacionado con el vasco LARRA\/LARRE<\/em>, que significa pastizal, prado o zarza.<\/p>\n\n\n\n<p>Entre las diferentes graf\u00edas que recoge de este macrotop\u00f3nimo Agust\u00edn Ubieto figuran tambi\u00e9n: LARROS, LARROTA, LARRUE, LARRUASE, LARRUOSA. Esta duplicidad se mantiene hasta el siglo XIX, ya que en el Diccionario Geogr\u00e1fico Madoz encontramos LARRU\u00c9S\/LARU\u00c9S.<\/p>\n\n\n\n<p>Las diferentes graf\u00edas que ha adoptado el nombre del pueblo de Laru\u00e9s en la documentaci\u00f3n medieval dificultan enormemente el rastreo de las huellas de su historia. A ello debe a\u00f1adirse la semejanza de su nombre con el de otras localidades distintas, como Larr\u00e9s, a orillas del r\u00edo Aur\u00edn, Larru\u00e9, despoblado cercano a Belarra, ambos en el Alto G\u00e1ll\u00e9go, o Larrosa, en el valle de la Garcipollera. Tambi\u00e9n existi\u00f3 un arcedianato llamado \u00abde Laur\u00e9s\u00bb en el entorno del monasterio de San Adri\u00e1n de S\u00e1sabe.<\/p>\n\n\n\n<p>Seg\u00fan Antonio Ubieto, el primer documento que podr\u00eda hacer referencia a Laru\u00e9s se remonta al siglo X, en el que se cita a un tal Asnari Banzones de Larosse. Dicho documento forma parte del <em>Cartulario de San Juan de la Pe\u00f1a. <\/em><\/p>\n\n\n\n<p>En el siglo XI, el primer rey de Arag\u00f3n, Ramiro I, deb\u00eda tener posesiones (casas y tierras) en Laru\u00e9s, puesto que aparece don\u00e1ndolas en algunos documentos registrados en el mencionado <em>Cartulario de San Juan de la Pe\u00f1a.<\/em> Entre dichas donaciones destaca la que efectu\u00f3 el rey a su escribano Jimeno en 1054, en la que le hizo entrega del peque\u00f1o monasteriolo de San Mart\u00edn de Saraso, fundado ya en el siglo X. \u00c9ste se encontraba entre \u00abLarosse et Or\u00e7asso\u00bb.<\/p>\n\n\n\n<figure class=\"wp-block-image size-full is-style-rounded\"><img decoding=\"async\" src=\"https:\/\/pueblodelarues.es\/wp-content\/uploads\/2022\/01\/Saraso-creo.jpg\" alt=\"\" class=\"wp-image-1289\"\/><figcaption class=\"wp-element-caption\">Vista desde lo alto de San Mart\u00edn de Saraso<\/figcaption><\/figure>\n\n\n\n<p>Seg\u00fan Antonio Dur\u00e1n Gudiol el n\u00facleo de Laru\u00e9s debi\u00f3 formar parte del se\u00f1or\u00edo temporal del influyente conde Sancho Gal\u00edndez, consejero de Ramiro I y ait\u00e1n (tutor) de su hijo, el futuro rey Sancho Ram\u00edrez. En un documento de 1063 dicho Sancho Gal\u00edndez deja en su testamento a sus hijos, entre otras posesiones, sus \u00abmezquinos\u00bb (siervos) y heredades en Laruasse. <\/p>\n\n\n\n<p>Documentos referentes a la construcci\u00f3n de la Iglesia de San Esteban de Luesia hacen referencia a Laru\u00e9s. En 1137 estar\u00eda dicha iglesia de San Esteban, si no acabada, por lo menos habilitada para el culto. Con este motivo, el rey Ramiro el \u00abMonje\u00bb, sucesor de Alfonso I en la corona aragonesa, se present\u00f3 en Luesia con su yerno el Conde Berenguer de Barcelona y con sus magnates, y all\u00ed firm\u00f3 una rica donaci\u00f3n de pueblos y castillos en favor de San Esteban, titular de Orastre y de su filial Luesia. Los entonces pueblos vivos donados al protom\u00e1rtir fueron: Luciente, Fayanas, Orrios y Samper de Liso (Fuencalderas); un palacio en <strong>Larrues<\/strong>; otros en Biel, Lobera, Uncastillo, Jubart y en la misma villa de Luesia.<\/p>\n\n\n\n<p>Laru\u00e9s, durante los siglos XIII y XIV perteneci\u00f3 al obispado de Jaca-Huesca. En un principio dicho obispado controlaba directamente su posesi\u00f3n, pero con el transcurso del tiempo fue delegando esta funci\u00f3n en miembros de la peque\u00f1a nobleza de la zona, hasta que, finalmente, vendi\u00f3 el se\u00f1or\u00edo a uno de ellos, el noble Juan de Logr\u00e1n.<\/p>\n\n\n\n<p>Dicha posesi\u00f3n permaneci\u00f3 durante el resto de la Edad Media y durante la Edad Moderna en manos de nobles aragoneses (los Logr\u00e1n, los Viota, &#8230;), hasta que en el siglo XVIII el se\u00f1or\u00edo fue adquirido al conde de Guara por una familia infanzona del mismo pueblo, cuya casa solariega se conoce con el nombre de Casa Solana o Casa de Don Jos\u00e9. <\/p>\n\n\n\n<figure class=\"wp-block-image size-full is-style-rounded\"><img decoding=\"async\" src=\"https:\/\/pueblodelarues.es\/wp-content\/uploads\/2022\/01\/escanear0122.jpg\" alt=\"\" class=\"wp-image-1294\"\/><figcaption class=\"wp-element-caption\">Fachada principal de la Casa de Don Jos\u00e9<\/figcaption><\/figure>\n\n\n\n<p>Hay indicios constatados de que cerca del pinar que se encuentra dentro del municipio hab\u00eda un asentamiento de unos 15 o 20 fuegos, que se llamaba Bern\u00e9. Desde fechas remotas perteneci\u00f3 a las monjas del monasterio benedictino de Santa Cruz de la Ser\u00f3s.<\/p>\n\n\n\n<p>El pueblo de Bern\u00e9 figura como uno de los 238 pueblos que en el a\u00f1o 1187 efectuaron el Voto de San Indalecio. Posteriormente fue arrasado, junto con otros numerosos n\u00facleos de poblaci\u00f3n, en una incursi\u00f3n navarro-francesa que asol\u00f3 el valle de Pintano en el a\u00f1o 1283. La mayor\u00eda de estos peque\u00f1os pueblos ya no se recuperaron.  La tradici\u00f3n oral afirma que algunos de los supervivientes se trasladaron a Laru\u00e9s, y los restantes a Long\u00e1s. Lo cierto es que Bern\u00e9 quedar\u00eda ya despoblado, tal vez con alg\u00fan habitante residual, pasando as\u00ed a la categor\u00eda de \u00abpardina\u00bb.<br><\/p>\n\n\n\n<p>Actualmente, en el paraje denominado \u00abLos Villares\u00bb podemos encontrar vestigios de este primer asentamiento. Se puede observar el lugar donde estaban situadas las paredes de algunas casas, alguna de las cuales parece haber tenido una planta circular. <\/p>\n\n\n\n<p>Entre estos restos se han encontrado cosas de gran valor hist\u00f3rico como una pila bautismal, una rueda de molino, y en los corrales cercanos podemos comprobar que para su construcci\u00f3n usaron piedras de siller\u00eda, un crism\u00f3n y piedras muy trabajadas, que debieron pertenecer a este antiguo asentamiento.<\/p>\n\n\n\n<figure class=\"wp-block-image size-full is-style-rounded\"><img decoding=\"async\" src=\"https:\/\/pueblodelarues.es\/wp-content\/uploads\/2022\/01\/dron-60-piedra-molino-segurisima.png\" alt=\"\" class=\"wp-image-1290\"\/><figcaption class=\"wp-element-caption\">Vista a\u00e9rea de los restos del poblado de Bern\u00e9<\/figcaption><\/figure>\n\n\n\n<p>Varias casas conservan en la actualidad escudos blasonados de sus pobladores con antigua nobleza.<br>\u200bSeg\u00fan un Real Acuerdo de 1737, hace distinci\u00f3n y certifica que a efectos de la Contribuci\u00f3n en Laru\u00e9s existen los siguientes Infanzones: los Aguas, Alam\u00e1n, Anaya, Biota, But\u00eda, I\u00f1iguez, Palacio, Salanova, Solana y Xim\u00e9nez. Algunos de ellos con antig\u00fcedad desde el siglo XV.<\/p>\n\n\n\n<p><strong>En el Real Decreto de 24 de Abril de 1834 aprobada por<\/strong> S.M. <strong>Mar\u00eda Cristina de Borb\u00f3n-Dos Sicilias<\/strong> (Reina Regente), con el titulo de \u201cSubdivisi\u00f3n en partidos Judiciales de la nueva divisi\u00f3n territorial de la Pen\u00ednsula \u00e9 islas adyacentes\u201d figura la incorporaci\u00f3n al partido judicial de Jaca, del pueblo de \u201cLarrues y los cotos de Bern\u00e9 y Javierr\u00e1z\u201d&nbsp;.<\/p>\n\n\n\n<p><\/p>\n","protected":false},"excerpt":{"rendered":"<p>D. Manuel Benito Moliner, en su escrito sobre el origen de los nombres de los pueblos del Alto Arag\u00f3n, dice que LARU\u00c9S proviene del lat\u00edn, LARO&nbsp; o LAURO.&nbsp;&nbsp;&nbsp; \u200bD. Santiago Broto Aparicio, (Diario del Alto Arag\u00f3n) afirma que el nombre de LARU\u00c9S antiguamente y con el transcurso de los a\u00f1os hab\u00eda sufrido diversas variaciones llam\u00e1ndose, Larosse, Laruasse y Larruosa.&nbsp; Gartzen Lacasta Esta\u00fan, en su cuaderno \u201cEl EusKera en el Alto Arag\u00f3n\u201d comenta que el top\u00f3nimo LARRU\u00c9S\/LARU\u00c9S est\u00e1 f\u00e1cilmente relacionado con&#8230;<\/p>\n<p class=\"read-more\"><a class=\"btn btn-default\" href=\"https:\/\/pueblodelarues.es\/index.php\/conoce-larues\/historia\/\"> Leer m\u00e1s<span class=\"screen-reader-text\">  Leer m\u00e1s<\/span><\/a><\/p>\n","protected":false},"author":1,"featured_media":1664,"parent":38,"menu_order":0,"comment_status":"closed","ping_status":"closed","template":"","meta":{"footnotes":""},"class_list":["post-48","page","type-page","status-publish","has-post-thumbnail","hentry"],"_links":{"self":[{"href":"https:\/\/pueblodelarues.es\/index.php\/wp-json\/wp\/v2\/pages\/48","targetHints":{"allow":["GET"]}}],"collection":[{"href":"https:\/\/pueblodelarues.es\/index.php\/wp-json\/wp\/v2\/pages"}],"about":[{"href":"https:\/\/pueblodelarues.es\/index.php\/wp-json\/wp\/v2\/types\/page"}],"author":[{"embeddable":true,"href":"https:\/\/pueblodelarues.es\/index.php\/wp-json\/wp\/v2\/users\/1"}],"replies":[{"embeddable":true,"href":"https:\/\/pueblodelarues.es\/index.php\/wp-json\/wp\/v2\/comments?post=48"}],"version-history":[{"count":4,"href":"https:\/\/pueblodelarues.es\/index.php\/wp-json\/wp\/v2\/pages\/48\/revisions"}],"predecessor-version":[{"id":1665,"href":"https:\/\/pueblodelarues.es\/index.php\/wp-json\/wp\/v2\/pages\/48\/revisions\/1665"}],"up":[{"embeddable":true,"href":"https:\/\/pueblodelarues.es\/index.php\/wp-json\/wp\/v2\/pages\/38"}],"wp:featuredmedia":[{"embeddable":true,"href":"https:\/\/pueblodelarues.es\/index.php\/wp-json\/wp\/v2\/media\/1664"}],"wp:attachment":[{"href":"https:\/\/pueblodelarues.es\/index.php\/wp-json\/wp\/v2\/media?parent=48"}],"curies":[{"name":"wp","href":"https:\/\/api.w.org\/{rel}","templated":true}]}}