{"id":1707,"date":"2024-08-03T17:15:29","date_gmt":"2024-08-03T17:15:29","guid":{"rendered":"https:\/\/pueblodelarues.es\/?page_id=1707"},"modified":"2024-08-03T17:25:11","modified_gmt":"2024-08-03T17:25:11","slug":"infanzones","status":"publish","type":"page","link":"https:\/\/pueblodelarues.es\/index.php\/conoce-larues\/casco-urbano\/escudos-y-simbolos\/infanzones\/","title":{"rendered":"Infanzones"},"content":{"rendered":"\n<p class=\"has-text-align-left\">\u00bfOs hab\u00e9is preguntado por qu\u00e9 hay tantos escudos originales en Laru\u00e9s?<\/p>\n\n\n\n<p>Originariamente, quien pose\u00eda en la puerta de su casa un escudo era porque pertenec\u00eda a una familia noble, en alguno de sus grados. Aqu\u00ed no vivieron marqueses, ni condes ni duques, pero s\u00ed hidalgos, llamados en Arag\u00f3n \u00abinfanzones\u00bb.<\/p>\n\n\n\n<p>En el pasado debieron existir numerosas <strong>familias infanzonas<\/strong>, aunque no todos sus escudos habr\u00e1n sobrevivido.<\/p>\n\n\n\n<p>La existencia de familias infanzonas en Laru\u00e9s es relevante, puesto que protagonizaron <strong>movimientos de rebeld\u00eda contra los se\u00f1ores temporales<\/strong> que pretend\u00edan exigirles las mismas obligaciones que ten\u00edan los habitantes del pueblo no infanzones, llamados de \u201csigno servicio\u201d. Dichos momentos conflictivos se sit\u00faan cronol\u00f3gicamente:<\/p>\n\n\n\n<p>-Entre 1323 y 1325, contra el se\u00f1or del lugar, el noble <strong>Juan de Logr\u00e1n<\/strong><\/p>\n\n\n\n<p>-En&nbsp; 1550 contra el se\u00f1or del lugar, <strong>Juan de Biota<\/strong>.<\/p>\n\n\n\n<p>De ambos conflictos existe documentaci\u00f3n y han sido <strong>estudiados por historiadores especializados<\/strong>: El primero por Elena Lourie, de la Universidad Ben Gurion de Israel, y Carlos Laliena Corbera, de la Universidad de Zaragoza, y el segundo por Manuel G\u00f3mez de Valenzuela.<\/p>\n\n\n\n<figure class=\"wp-block-image\"><img decoding=\"async\" src=\"https:\/\/pueblodelarues.es\/wp-content\/uploads\/2021\/11\/DSCN7817.jpg\" alt=\"\" class=\"wp-image-553\"\/><\/figure>\n\n\n\n<p>La persistencia de gran n\u00famero de infanzones en Laru\u00e9s se dilata en el tiempo. Seg\u00fan el <strong>censo de 1773,<\/strong> en Laru\u00e9s hab\u00eda 27 hidalgos varones frente a 16 \u201cplebeyos\u201d. Tanto peso deb\u00edan tener que en el a\u00f1o <strong>1802 <\/strong>un habitante no infanz\u00f3n inicia un <strong>proceso ante la Real Audiencia de Arag\u00f3n solicitando que se revise la situaci\u00f3n real de dichos infanzones<\/strong>, alegando que dichos infanzones monopolizan los cargos del Concejo, mientras los no infanzones, una minor\u00eda, deben realizar las \u201ccargas\u201d o trabajos comunitarios.<\/p>\n\n\n\n<figure class=\"wp-block-image\"><img decoding=\"async\" src=\"https:\/\/pueblodelarues.es\/wp-content\/uploads\/2021\/11\/nicolas-2.jpg\" alt=\"\" class=\"wp-image-554\"\/><\/figure>\n\n\n\n<p>Tambi\u00e9n debe destacarse, en relaci\u00f3n con la abundancia de escudos que presenta el pueblo de Laru\u00e9s, que todos los restantes escudos que no aparecen anteriormente rese\u00f1ados en este documento no son antiguos. Fueron realizados por Nicol\u00e1s Salvador Solana, un artesano de la localidad, en el siglo pasado, con la finalidad de que se conservara el recuerdo del nombre de las casas.<\/p>\n","protected":false},"excerpt":{"rendered":"<p>\u00bfOs hab\u00e9is preguntado por qu\u00e9 hay tantos escudos originales en Laru\u00e9s? Originariamente, quien pose\u00eda en la puerta de su casa un escudo era porque pertenec\u00eda a una familia noble, en alguno de sus grados. Aqu\u00ed no vivieron marqueses, ni condes ni duques, pero s\u00ed hidalgos, llamados en Arag\u00f3n \u00abinfanzones\u00bb. En el pasado debieron existir numerosas familias infanzonas, aunque no todos sus escudos habr\u00e1n sobrevivido. La existencia de familias infanzonas en Laru\u00e9s es relevante, puesto que protagonizaron movimientos de rebeld\u00eda contra&#8230;<\/p>\n<p class=\"read-more\"><a class=\"btn btn-default\" href=\"https:\/\/pueblodelarues.es\/index.php\/conoce-larues\/casco-urbano\/escudos-y-simbolos\/infanzones\/\"> Leer m\u00e1s<span class=\"screen-reader-text\">  Leer m\u00e1s<\/span><\/a><\/p>\n","protected":false},"author":1,"featured_media":1715,"parent":119,"menu_order":0,"comment_status":"closed","ping_status":"closed","template":"","meta":{"footnotes":""},"class_list":["post-1707","page","type-page","status-publish","has-post-thumbnail","hentry"],"_links":{"self":[{"href":"https:\/\/pueblodelarues.es\/index.php\/wp-json\/wp\/v2\/pages\/1707","targetHints":{"allow":["GET"]}}],"collection":[{"href":"https:\/\/pueblodelarues.es\/index.php\/wp-json\/wp\/v2\/pages"}],"about":[{"href":"https:\/\/pueblodelarues.es\/index.php\/wp-json\/wp\/v2\/types\/page"}],"author":[{"embeddable":true,"href":"https:\/\/pueblodelarues.es\/index.php\/wp-json\/wp\/v2\/users\/1"}],"replies":[{"embeddable":true,"href":"https:\/\/pueblodelarues.es\/index.php\/wp-json\/wp\/v2\/comments?post=1707"}],"version-history":[{"count":2,"href":"https:\/\/pueblodelarues.es\/index.php\/wp-json\/wp\/v2\/pages\/1707\/revisions"}],"predecessor-version":[{"id":1712,"href":"https:\/\/pueblodelarues.es\/index.php\/wp-json\/wp\/v2\/pages\/1707\/revisions\/1712"}],"up":[{"embeddable":true,"href":"https:\/\/pueblodelarues.es\/index.php\/wp-json\/wp\/v2\/pages\/119"}],"wp:featuredmedia":[{"embeddable":true,"href":"https:\/\/pueblodelarues.es\/index.php\/wp-json\/wp\/v2\/media\/1715"}],"wp:attachment":[{"href":"https:\/\/pueblodelarues.es\/index.php\/wp-json\/wp\/v2\/media?parent=1707"}],"curies":[{"name":"wp","href":"https:\/\/api.w.org\/{rel}","templated":true}]}}