{"id":11,"date":"2021-09-08T19:03:59","date_gmt":"2021-09-08T19:03:59","guid":{"rendered":"https:\/\/pueblodelarues.es\/?page_id=11"},"modified":"2021-09-08T19:03:59","modified_gmt":"2021-09-08T19:03:59","slug":"acerca-de","status":"publish","type":"page","link":"https:\/\/pueblodelarues.es\/index.php\/acerca-de\/","title":{"rendered":"Acerca de"},"content":{"rendered":"\n<p>La web de Laru\u00e9s naci\u00f3 en mayo de 2006, con la idea de dar a conocer este bonito pueblo del pirineo aragon\u00e9s a trav\u00e9s de las denominadas nuevas tecnolog\u00edas, y como vinculo de todos los que algo tenemos que ver con Laru\u00e9s.<\/p>\n\n\n<p>Este proyecto se cre\u00f3 inicialmente como una p\u00e1gina web de HispaVista (bajo el dominio <em>galeon.com<\/em>) y a\u00f1os m\u00e1s tarde se migr\u00f3 a <a href=\"http:\/\/larues.weebly.com\" data-type=\"URL\" data-id=\"larues.weebly.com\">larues.weebly.com<\/a>.<\/p>\n\n\n<p>Finalmente se comenz\u00f3 a traspasar su contenido a <a href=\"http:\/\/pueblodelarues.es\" data-type=\"URL\" data-id=\"pueblodelarues.es\">pueblodelarues.es<\/a> el 11 de septiembre de 2021. <\/p>\n\n\n<h4 class=\"wp-block-heading\">M\u00e1s informaci\u00f3n<\/h4>\n\n\n<ul class=\"wp-block-list\"><li><a href=\"https:\/\/pueblodelarues.es\/index.php\/contacto\/\" data-type=\"page\" data-id=\"12\">Contacto<\/a><\/li><li><a href=\"https:\/\/pueblodelarues.es\/index.php\/politica-privacidad\/\" data-type=\"page\" data-id=\"3\">Pol\u00edtica de privacidad<\/a><\/li><li><a href=\"https:\/\/github.com\/users\/roberlarues\/projects\/1\" data-type=\"URL\" data-id=\"https:\/\/github.com\/users\/roberlarues\/projects\/1\">Seguimiento del desarrollo<\/a><\/li><\/ul>\n\n\n<p><\/p>\n","protected":false},"excerpt":{"rendered":"<p>La web de Laru\u00e9s naci\u00f3 en mayo de 2006, con la idea de dar a conocer este bonito pueblo del pirineo aragon\u00e9s a trav\u00e9s de las denominadas nuevas tecnolog\u00edas, y como vinculo de todos los que algo tenemos que ver con Laru\u00e9s. Este proyecto se cre\u00f3 inicialmente como una p\u00e1gina web de HispaVista (bajo el dominio galeon.com) y a\u00f1os m\u00e1s tarde se migr\u00f3 a larues.weebly.com. Finalmente se comenz\u00f3 a traspasar su contenido a pueblodelarues.es el 11 de septiembre de 2021&#8230;.<\/p>\n<p class=\"read-more\"><a class=\"btn btn-default\" href=\"https:\/\/pueblodelarues.es\/index.php\/acerca-de\/\"> Leer m\u00e1s<span class=\"screen-reader-text\">  Leer m\u00e1s<\/span><\/a><\/p>\n","protected":false},"author":1,"featured_media":0,"parent":0,"menu_order":3,"comment_status":"closed","ping_status":"closed","template":"","meta":{"footnotes":""},"class_list":["post-11","page","type-page","status-publish","hentry"],"_links":{"self":[{"href":"https:\/\/pueblodelarues.es\/index.php\/wp-json\/wp\/v2\/pages\/11","targetHints":{"allow":["GET"]}}],"collection":[{"href":"https:\/\/pueblodelarues.es\/index.php\/wp-json\/wp\/v2\/pages"}],"about":[{"href":"https:\/\/pueblodelarues.es\/index.php\/wp-json\/wp\/v2\/types\/page"}],"author":[{"embeddable":true,"href":"https:\/\/pueblodelarues.es\/index.php\/wp-json\/wp\/v2\/users\/1"}],"replies":[{"embeddable":true,"href":"https:\/\/pueblodelarues.es\/index.php\/wp-json\/wp\/v2\/comments?post=11"}],"version-history":[{"count":0,"href":"https:\/\/pueblodelarues.es\/index.php\/wp-json\/wp\/v2\/pages\/11\/revisions"}],"wp:attachment":[{"href":"https:\/\/pueblodelarues.es\/index.php\/wp-json\/wp\/v2\/media?parent=11"}],"curies":[{"name":"wp","href":"https:\/\/api.w.org\/{rel}","templated":true}]}}